at is the remainder when i(1) is divided by 9?
6
Let a(d) = 7*d + 34. Let u be a(-10). Let i = 38 + u. What is the remainder when i is divided by 1?
0
What is the remainder when (-1 - 1)*(-7 - 109) is divided by 59?
55
Let i(o) = -o**3 + o + 3. Let s be i(2). What is the remainder when 152 is divided by s - (-3*(-2)/(-6) - 24)?
20
Let w(v) = 359*v**2 + 5*v + 4. What is the remainder when w(-1) is divided by 90?
88
Suppose 4*x - 5*r = 22, 3*x - 7 = -5*r + 4*r. Let z = 5 - x. Suppose w = 13 - 8. Calculate the remainder when w is divided by z.
1
Suppose 0 = 121*k - 146*k + 21100. Calculate the remainder when k is divided by 8.
4
Let s(u) = 2*u**2 + 3*u + 101. Calculate the remainder when s(0) is divided by 17.
16
Let s = 632 - 245. What is the remainder when s is divided by 188?
11
Suppose -m = r - 114, 3*m + 2*r - 3*r = 350. What is the remainder when 345 is divided by m?
113
Let v(l) = 1987*l**2 - 2*l - 1. Calculate the remainder when v(-1) is divided by 39.
38
Let m(p) be the second derivative of -p**4/12 - 4*p**3/3 + 5*p**2/2 - 4*p. Let r = 42 - 28. What is the remainder when r is divided by m(-8)?
4
Suppose -75*f + 156058 + 28367 = 0. What is the remainder when f is divided by 123?
122
Suppose 3*p + 0*c - 3*c - 24 = 0, -3*p = -c - 14. Suppose -8*h + 20 = -p*h. Suppose 9*m - 80 = h*m. Calculate the remainder when 61 is divided by m.
13
Suppose 24*k - 22*k = -10. What is the remainder when 3 is divided by k/((-15)/7) - 2/6?
1
Suppose 2*i + 6*l - 2*l - 124 = 0, 5*i + 2*l = 342. Calculate the remainder when 144 is divided by i.
4
Suppose -4*b + n = -203, -5*n = -2*b - 4*n + 105. Suppose a + 0*a = -4*w + 55, -3 = -a. What is the remainder when b is divided by w?
10
What is the remainder when ((-479)/4)/((-2)/8) is divided by 40?
39
Let r(h) = 16*h - 88. What is the remainder when 279 is divided by r(8)?
39
Let t = -547 + 558. Let n(g) = -3*g**3 - g**2 + 1. Let y be n(1). Calculate the remainder when 63*(-1 - 5/y) is divided by t.
9
Let p(k) be the second derivative of -4*k**3/3 - 5*k**2/2 + 3*k. Suppose -4*b + 0*b = -28. What is the remainder when p(-3) is divided by b?
5
Suppose 2*c = -5*d - 13, -2*c - 7 = d - 2*d. Suppose -4*m = -27 - 17. Let l = c + m. What is the remainder when l is divided by 3?
1
Suppose -10 - 6 = -4*p. Suppose p*v - 211 = 81. Suppose -2*q + 12 = 5*a - 11, -3*a + 29 = 2*q. What is the remainder when v is divided by q?
16
What is the remainder when (14*(-39)/(-52))/(6/8) is divided by 5?
4
Let p(o) = o**2 - 8*o**2 + 0*o + 0*o - o. Let w be p(1). What is the remainder when 31 is divided by 6/(-3)*68/w?
14
Let y be 1/1 + (0 - -9). Let q = 36 - 38. Let n = q + y. What is the remainder when 14 is divided by n?
6
Let s(w) = -w**3 + w**2 + 42. Suppose 2*n + n = y + 68, -5*y - 120 = -5*n. Calculate the remainder when s(0) is divided by n.
20
What is the remainder when (60/(-24))/((-2)/216) is divided by 86?
12
Let j = 2 + -5. Let g(n) = -n**3 - 5*n**2 - 6*n. Let d be g(-5). What is the remainder when 7 is divided by (-2)/j*d/4?
2
Let l = -1101 - -1121. Let g = 254 + -178. What is the remainder when g is divided by l?
16
What is the remainder when 82 is divided by 79/4 - (765/(-36))/17?
19
Let q(d) = d + 5. What is the remainder when 343 is divided by q(10)?
13
Let z = -43 - -44. Let k be 5*1/(20/(-56)). Calculate the remainder when z is divided by k/(-16) - (-1)/8.
0
Suppose 3*f + p - 53 = 0, 0 = -f - 3*p - 8 + 15. Calculate the remainder when 147 is divided by f.
14
Let d be 3/(-15) + 82/10. Let l be 4/(-8)*-1*d. Suppose 5*s - l*s - 22 = 0. What is the remainder when 87 is divided by s?
21
Calculate the remainder when (9/6)/(((-168)/2512)/(-7)) is divided by 53.
51
Let j(p) = p**2 + p - 7. What is the remainder when 1*(-47 - 0)*(-1)/1 is divided by j(-5)?
8
Suppose 554 = 3*p + 2*q, -4*q = -3*p - 3*q + 542. What is the remainder when p is divided by 67?
48
Let o(m) = m + 52. What is the remainder when o(-22) is divided by 17?
13
Suppose l - 4*o - 12 = 0, 13*l - 11*l - 3*o = 34. Calculate the remainder when l is divided by 12.
8
Let m be 36/60 - 34/(-10). Let x(n) = -6*n - m*n + 8*n - 6. Calculate the remainder when 7 is divided by x(-5).
3
Let b(t) = -t**3 + 47*t**2 - 43*t - 78. Calculate the remainder when b(46) is divided by 16.
12
Suppose -6 = h - 25. Calculate the remainder when 1 - (h - (-6)/2)*-1 is divided by 6.
5
Let o be (-3 - -3)*(-2)/4. Suppose -4*l - 8 = 0, o = y + 2*l + 2*l + 3. Suppose h - y*h = -4, -4*h = -2*d + 14. Calculate the remainder when 26 is divided by d.
8
Let d = 41 - 23. What is the remainder when 248 is divided by d?
14
Let q(z) = 16*z + 14. Let g be q(-7). Calculate the remainder when (-6)/10 + g/(-5) is divided by 10.
9
Let j = 14 + -12. Suppose 3*t = -n + 198, -j*n + 2 + 4 = 0. Suppose -5*o = -0*o - t. Calculate the remainder when o is divided by 8.
5
Let t = 2184 + -1108. Calculate the remainder when t is divided by 77.
75
Suppose 4 = -w, 0 = c - 5*w + 3*w - 10. Suppose 4*b - 70 = c*u, 0 = -0*b - b + 4*u. Calculate the remainder when 74/4*(-4)/(-2) is divided by b.
17
Let o be (-62)/(-4) - 2/(-4). What is the remainder when (o/10)/((-2)/(-55)) is divided by (32/80)/(1/30)?
8
Let a(c) = 5*c**2 + 3*c - 1. Let n = -6 - -8. Suppose -6 = 2*x, n*y - 18 = -y + 3*x. What is the remainder when a(y) is divided by 14?
11
Suppose 0 = -3*s + 5*p + 49, 0 = -2*s - 11*p + 13*p + 34. What is the remainder when 50 is divided by s?
14
Let x = -156 + 295. What is the remainder when x is divided by 7?
6
Let h = -2298 + 2355. What is the remainder when 275 is divided by h?
47
Let y = 537 + -529. Suppose 40 = n - 2*o, n - 5*o - 175 = -4*n. Calculate the remainder when n is divided by y.
6
Let j(s) = -s**2 + 6*s + 2. Let f be j(6). Suppose 0 = 7*n - 110 - 51. What is the remainder when n is divided by -20*f*3/(-15)?
7
Let y = -1854 - -1939. Calculate the remainder when 391 is divided by y.
51
What is the remainder when 254 is divided by ((-123)/(-3))/((-5)/(-20)*2)?
8
Suppose 347 = 3*l - 2*f, -l + 4*f = -f - 107. Suppose -116*r = -l*r + 32. What is the remainder when r is divided by 19?
13
Suppose 4*g - 2*g - 22 = 4*t, -2*g = t - 37. Calculate the remainder when 132 is divided by g.
13
Suppose 4*q + 16 = z - 33, 0 = 4*z + 2*q - 232. Suppose z = 4*f + 3*n, 3*f + 0*n - 45 = -3*n. Let d = -61 + 106. What is the remainder when d is divided by f?
9
Suppose -3*b - 10 = -8*b. Suppose b*u - 4*t + 0*t - 6 = 0, 3*u - 4*t - 19 = 0. Calculate the remainder when 25 is divided by u.
12
Let o(a) = -4*a**2 - 29*a - 6. Suppose -390 = -5*p + 3*v, p + p - 172 = -2*v. Calculate the remainder when p is divided by o(-6).
9
Let h = -159 + 210. Calculate the remainder when h is divided by 13.
12
Suppose -3*z - 3*p - p + 65 = 0, 2*p - 99 = -5*z. Suppose -2*k = -z + 1. What is the remainder when k is divided by 4?
1
Suppose 2*g = -3*g + l + 7, 4*l + 12 = 4*g. Let v = 9 + g. Suppose s - 13 = v. What is the remainder when s is divided by 7?
2
Suppose 4*a - 77 + 5 = 0. Suppose -4*v + a = -22. Suppose -6 = n + n, -5*p + 188 = -n. Calculate the remainder when p is divided by v.
7
Suppose a + 223 - 350 = 0. What is the remainder when a is divided by 13?
10
Let h(w) = 4*w**2 + 18*w - 195. Calculate the remainder when h(20) is divided by 57.
55
Suppose -11*k + 12*k = 17. What is the remainder when 73 is divided by ((-3)/(-4)*2)/(k/238)?
10
Suppose 27 - 8 = -k. Let c = -16 - k. Suppose 0 = -c*u + u + 10. Calculate the remainder when 12 is divided by u.
2
Suppose 5*a = 18*a - 2145. Suppose a = 7*m + 4*m. What is the remainder when 22 is divided by m?
7
Let a(z) = -6*z + 2. Suppose 0 = 4*s + s - 15. Let n be 7*(s/21 + -1). Calculate the remainder when a(n) is divided by 13.
12
Let w = 5 + -12. Let r = 3 + w. What is the remainder when 73 is divided by (-1)/(-4) + (-75)/r?
16
Let q(b) = 2*b**2 + 4*b + 5. Let x(k) = k**2 - k - 1. Calculate the remainder when x(-6) is divided by q(-3).
8
Let x(m) = -2*m - 14. Let o be x(-6). Let k be -4*(-3)/(-3) - o. What is the remainder when k + 3 + (8 - -6) is divided by 4?
3
Let g(z) = -z**3 - 17*z**2 - 16*z + 33. Let t(v) = v**2 + v - 1. Let n(r) = g(r) - 5*t(r). Calculate the remainder when 73 is divided by n(-21).
35
Let h = 16 + -17. What is the remainder when 2*h/5 - 3124/(-110) is divided by 10?
8
Let m = 135 - -4